ase 15
1
3 (base 9) to base 13
3
-111 (base 14) to base 10
-211
Convert -4 (base 14) to base 15.
-4
What is -5 (base 10) in base 6?
-5
What is 8 (base 11) in base 15?
8
Convert 44 (base 8) to base 6.
100
What is -131 (base 5) in base 13?
-32
-11 (base 6) to base 13
-7
What is 0 (base 11) in base 7?
0
Convert -11e (base 15) to base 13.
-167
-102 (base 7) to base 3
-1220
Convert -12 (base 9) to base 3.
-102
What is 11022 (base 3) in base 2?
1110100
123 (base 5) to base 14
2a
What is 3 (base 9) in base 4?
3
Convert 111 (base 13) to base 15.
c3
-33 (base 10) to base 11
-30
Convert -d (base 16) to base 8.
-15
What is -2012 (base 3) in base 10?
-59
What is 0 (base 4) in base 12?
0
-13 (base 5) to base 2
-1000
Convert -4 (base 8) to base 10.
-4
What is 31 (base 8) in base 15?
1a
-6 (base 13) to base 5
-11
What is -c9 (base 13) in base 2?
-10100101
What is 42 (base 11) in base 14?
34
What is -79 (base 12) in base 10?
-93
-97 (base 10) to base 4
-1201
222 (base 3) to base 13
20
What is -1 (base 11) in base 3?
-1
Convert -4 (base 14) to base 6.
-4
0 (base 5) to base 3
0
What is -12 (base 15) in base 9?
-18
What is 26 (base 12) in base 6?
50
What is 5 (base 16) in base 15?
5
Convert -19f (base 16) to base 9.
-511
What is 2 (base 12) in base 6?
2
What is -2 (base 13) in base 11?
-2
Convert 30 (base 12) to base 14.
28
What is 1 (base 8) in base 9?
1
-8 (base 16) to base 13
-8
2 (base 8) to base 5
2
-14 (base 11) to base 9
-16
29 (base 14) to base 7
52
Convert 130 (base 8) to base 6.
224
What is -1 (base 7) in base 3?
-1
-25 (base 11) to base 9
-30
-1 (base 3) to base 9
-1
-52 (base 12) to base 11
-57
Convert 134 (base 6) to base 13.
46
What is -91 (base 12) in base 13?
-85
Convert -149 (base 13) to base 4.
-3212
Convert -9 (base 16) to base 8.
-11
What is 8 (base 15) in base 5?
13
What is -10010111 (base 2) in base 3?
-12121
101 (base 3) to base 12
a
What is -26 (base 12) in base 10?
-30
Convert 3 (base 14) to base 11.
3
101110 (base 2) to base 11
42
What is -11 (base 14) in base 13?
-12
Convert 8 (base 11) to base 15.
8
Convert 0 (base 10) to base 13.
0
What is 61 (base 13) in base 5?
304
What is d (base 15) in base 2?
1101
-88 (base 10) to base 8
-130
-3 (base 10) to base 15
-3
121 (base 4) to base 8
31
What is 1 (base 7) in base 11?
1
-4 (base 12) to base 5
-4
110 (base 2) to base 4
12
Convert -6 (base 14) to base 16.
-6
What is -41 (base 16) in base 5?
-230
Convert -2 (base 3) to base 13.
-2
What is -15 (base 8) in base 7?
-16
Convert -3 (base 9) to base 3.
-10
Convert -22201 (base 3) to base 10.
-235
13 (base 4) to base 3
21
What is 11 (base 2) in base 10?
3
What is 14c (base 14) in base 12?
1a0
Convert 0 (base 8) to base 16.
0
-2 (base 9) to base 12
-2
6 (base 7) to base 4
12
-1020 (base 4) to base 14
-52
Convert 100 (base 4) to base 10.
16
What is 12101 (base 3) in base 9?
171
What is -182 (base 9) in base 15?
-a5
Convert 4 (base 14) to base 5.
4
What is -148 (base 12) in base 16?
-c8
4 (base 7) to base 10
4
What is 2 (base 7) in base 8?
2
Convert 2 (base 7) to base 12.
2
What is f4 (base 16) in base 11?
202
Convert -5 (base 14) to base 7.
-5
Convert 52 (base 16) to base 12.
6a
What is -d (base 14) in base 15?
-d
Convert 12 (base 4) to base 10.
6
What is -6 (base 14) in base 8?
-6
Convert 47 (base 15) to base 5.
232
Convert 12222 (base 3) to base 10.
161
-1 (base 13) to base 7
-1
Convert 0 (base 11) to base 3.
0
5 (base 10) to base 16
5
What is 2 (base 9) in base 6?
2
Convert -28 (base 16) to base 9.
-44
What is 14 (base 6) in base 7?
13
Convert 11011 (base 2) to base 7.
36
What is 7 (base 15) in base 9?
7
169 (base 10) to base 6
441
26 (base 9) to base 3
220
-6 (base 15) to base 12
-6
Convert -11 (base 9) to base 11.
-a
121 (base 16) to base 12
201
26 (base 13) to base 4
200
What is -1 (base 6) in base 14?
-1
-115 (base 8) to base 2
-1001101
-100 (base 3) to base 8
-11
33 (base 4) to base 2
1111
What is 5 (base 6) in base 11?
5
What is -7 (base 11) in base 4?
-13
What is 11 (base 5) in base 7?
6
-42 (base 6) to base 15
-1b
What is -1231 (base 4) in base 14?
-7b
3 (base 5) to base 13
3
What is -30 (base 12) in base 11?
-33
What is -2 (base 9) in base 5?
-2
What is 11 (base 8) in base 12?
9
Convert 1220 (base 3) to base 5.
201
-15 (base 16) to base 13
-18
What is 3 (base 8) in base 16?
3
Convert -15b (base 13) to base 7.
-500
23 (base 12) to base 2
11011
What is -17 (base 12) in base 15?
-14
Convert -11 (base 13) to base 9.
-15
90 (base 14) to base 13
99
10011 (base 2) to base 8
23
What is 1 (base 10) in base 2?
1
Convert -64 (base 13) to base 5.
-312
2 (base 15) to base 10
2
Convert 71 (base 12) to base 14.
61
What is 8 (base 11) in base 10?
8
16 (base 7) to base 2
1101
0 (base 6) to base 16
0
What is 2 (base 11) in base 7?
2
What is -101 (base 7) in base 4?
-302
What is 101 (base 2) in base 12?
5
What is -1 (base 3) in base 16?
-1
Convert 0 (base 15) to base 9.
0
4 (base 8) to base 12
4
-130 (base 5) to base 6
-104
10 (base 2) to base 9
2
What is -1000011 (base 2) in base 5?
-232
0 (base 14) to base 2
0
Convert 147 (base 8) to base 6.
251
Convert 117 (base 8) to base 10.
79
Convert 2 (base 9) to base 7.
2
What is -1110011 (base 2) in base 12?
-97
32 (base 9) to base 14
21
Convert 3 (base 6) to base 4.
3
5 (base 12) to base 5
10
Convert 2 (base 6) to base 15.
2
Convert -5 (base 14) to base 3.
-12
-55 (base 11) to base 14
-44
What is -1 (base 9) in base 12?
-1
-f6 (base 16) to base 10
-246
What is 2 (base 14) in base 5?
2
What is -9 (base 16) in base 10?
-9
What is 222 (base 4) in base 10?
42
Convert 1 (base 16) to base 8.
1
Convert 21 (base 8) to base 6.
25
-1010001 (base 2) to base 11
-74
Convert 22 (base 15) to base 3.
1012
What is 26 (base 9) in base 14?
1a
1 (base 9) to base 4
1
Convert 463 (base 7) to base 15.
111
Convert 3d (base 16) to base 4.
331
What is -22 (base 13) in base 12?
-24
2211 (base 3) to base 12
64
What is -2 (base 11) in base 10?
-2
2 (base 16) to base 8
2
What is 4 (base 14) in base 6?
4
Convert a (base 11) to base 10.
10
What is 0 (base 5) in base 8?
0
Convert -10 (base 6) to base 9.
-6
Convert 53 (base 13) to base 9.
75
Convert -155 (base 9) to base 16.
-83
-1211 (base 5) to base 12
-131
What is 2 (base 6) in base 3?
2
What is -43 (base 9) in base 6?
-103
-5 (base 9) to base 2
-101
What is -46 (base 9) in base 16?
-2a
Convert 23 (base 15) to base 16.
21
-a (base 14) to base 12
-a
Convert 22 (base 14) to base 4.
132
Convert 1101 (base 2) to base 15.
d
15 (base 12) to base 2
10001
Convert 286 (base 11) to base 3.
110110
Convert 5 (base 9) to base 7.
5
Convert -18 (base 10) to base 9.
-20
Convert d (base 14) to base 11.
12
-110 (base 2) to base 13
-6
What is 81 (base 15) in base 13?
94
-5 (base 14) to base 4
-11
1 (base 10) to base 2
1
What is 13 (base 15) in base 2?
10010
11 (base 2) to base 4
3
Convert 50 (base 8) to base 3.
1111
Convert 25 (base 15) to base 7.
50
242 (base 5) to base 11
66
Convert 110 (base 2) to base 16.
6
What is -3 (base 16) in base 4?
-3
What is -1 (base 7) in base 10?
-1
What is 3 (base 15) in base 13?
3
What is -1 (base 4) in base 6?
-1
Convert 330 (base 4) to base 15.
40
What is -11011 (base 2) in base 9?
-30
What is 3 (base 12) in base 3?
10
Convert 15 (base 9) to base 11.
13
What is 3e (base 15) in base 3?
2012
Convert -2 (base 7) to base 4.
-2
-31 (base 5) to base 12
-14
What is 2211 (base 3) in base 5?
301
Convert 7 (base 11) to base 4.
13
What is -11 (base 16) in base 11?
-16
23 (base 10) to base 12
1b
Convert -4 (base 12) to base 4.
-10
Convert 13 (base 5) to base 2.
1000
19 (base 15) to base 14
1a
Convert 18 (base 16) to base 4.
120
Convert 1 (base 3) to base 11.
1
What is 341 (base 6) in base 16?
85
What is 30 (base 10) in base 8?
36
What is -2 (base 11) in base 9?
-2
Convert 26 (base 11) to base 7.
40
Convert 47 (base 12) to base 6.
131
What is 4 (base 14) in base 16?
4
Convert -151 (base 10) to base 12.
-107
5 (base 14) to base 9
5
7 (base 10) to base 3
21
What is f (base 16) in base 13?
12
10000 (base 2) to base 3
121
-2 (base 8) to base 5
-2
Convert 1101111 (base 2) to base 10.
111
What is -368 (base 9) in base 8?
-461
0 (base 15) to base 14
0
Convert 1012 (base 3) to base 5.
112
110 (base 2) to base 11
6
What is 97 (base 10) in base 14?
6d
What is -5 (base 7) in base 5?
-10
-5 (base 